3331303
11111 (base 3) to base 2
1111001
What is -47c2 (base 13) in base 11?
-7679
-7301 (base 12) to base 10
-12529
2011 (base 4) to base 11
111
What is -17355 (base 9) in base 14?
-4501
-1697 (base 10) to base 14
-893
-1006 (base 13) to base 11
-1723
Convert -235 (base 13) to base 9.
-464
Convert -631 (base 10) to base 15.
-2c1
What is 120121022 (base 3) in base 6?
124355
606 (base 12) to base 8
1546
3083 (base 11) to base 14
16ba
Convert 5201 (base 11) to base 7.
26053
-10 (base 16) to base 3
-121
Convert 245520 (base 7) to base 14.
12680
-19518 (base 10) to base 16
-4c3e
Convert 110000011010001 (base 2) to base 3.
1020222222
-10468 (base 12) to base 9
-32308
What is -5c2 (base 15) in base 11?
-a89
Convert -33333 (base 4) to base 5.
-13043
What is -51b7 (base 14) in base 13?
-653b
What is 261 (base 10) in base 12?
199
Convert -300202 (base 4) to base 3.
-11021001
-34214 (base 7) to base 2
-10000111101100
Convert -114226 (base 7) to base 6.
-235454
-35 (base 13) to base 4
-230
What is -20a7 (base 16) in base 9?
-12417
-100232 (base 4) to base 16
-42e
Convert -3951 (base 11) to base 7.
-20660
What is -10010122 (base 3) in base 15?
-a25
Convert -23123 (base 4) to base 6.
-3215
Convert -4075 (base 10) to base 13.
-1b16
-1579 (base 10) to base 12
-ab7
Convert 159 (base 16) to base 10.
345
What is -1342002 (base 5) in base 9?
-42055
Convert 6d8 (base 15) to base 9.
2115
What is -11021120 (base 3) in base 9?
-4246
What is 1791 (base 10) in base 4?
123333
What is 122 (base 13) in base 10?
197
What is -9a3 (base 12) in base 11?
-1080
What is -132202 (base 5) in base 14?
-1d0a
What is -202202011 (base 3) in base 11?
-103aa
2411 (base 6) to base 10
583
What is 10112012 (base 3) in base 6?
15522
Convert 26b4 (base 15) to base 11.
6238
Convert -a051 (base 13) to base 8.
-53024
14a58 (base 12) to base 7
151001
Convert 598 (base 12) to base 10.
836
What is 69c (base 13) in base 15?
513
What is 102122 (base 3) in base 7?
626
101333 (base 7) to base 15
51eb
What is 2b1 (base 13) in base 4?
13202
What is -1881 (base 9) in base 6?
-10414
Convert 1012211 (base 4) to base 5.
121032
What is 312130 (base 4) in base 8?
6634
-8216 (base 9) to base 14
-2293
What is -332320 (base 4) in base 6?
-30344
Convert 4055 (base 6) to base 13.
542
What is -3316b (base 12) in base 16?
-10823
What is 176 (base 13) in base 12?
1a2
What is -2002112 (base 3) in base 6?
-11022
What is 2913 (base 16) in base 7?
42441
What is 1410031 (base 5) in base 3?
1110110102
24250 (base 7) to base 8
14243
Convert 3114 (base 6) to base 10.
694
-435 (base 7) to base 13
-141
What is 58 (base 10) in base 3?
2011
-770 (base 8) to base 12
-360
What is 12212121 (base 3) in base 12?
258a
Convert -11001010010011 (base 2) to base 16.
-3293
Convert 705 (base 14) to base 12.
969
What is -244431 (base 5) in base 2?
-10010010010110
Convert -1110100010111 (base 2) to base 9.
-11184
-10101110000000110 (base 2) to base 12
-43686
Convert 10001110 (base 3) to base 8.
4262
What is -94 (base 11) in base 15?
-6d
Convert -2066 (base 8) to base 14.
-570
1010111011 (base 2) to base 3
221220
Convert -1c7 (base 16) to base 14.
-247
What is -104432 (base 5) in base 10?
-3742
What is b713 (base 15) in base 2?
1001011100111110
404512 (base 6) to base 10
32156
What is 245 (base 14) in base 11?
382
-2261 (base 16) to base 5
-240201
10a16 (base 11) to base 5
1001433
8022 (base 13) to base 8
42304
2241 (base 12) to base 2
111011010001
Convert -39ed (base 16) to base 15.
-45d9
What is -5b3 (base 14) in base 10?
-1137
1850 (base 11) to base 10
2354
Convert -100223 (base 5) to base 11.
-2439
Convert 10111111011100 (base 2) to base 3.
121210210
1212202 (base 3) to base 16
55a
What is -7732 (base 8) in base 13?
-1b02
What is -5164 (base 8) in base 7?
-10542
Convert 19ab0 (base 13) to base 11.
34767
-1176 (base 10) to base 4
-102120
Convert 1056 (base 9) to base 3.
1001220
Convert 3320 (base 5) to base 3.
122001
What is 141303 (base 7) in base 5?
1330104
Convert 1023002 (base 5) to base 4.
10031210
Convert 21625 (base 11) to base 9.
47021
1133025 (base 6) to base 11
40353
10174 (base 9) to base 5
203314
979 (base 12) to base 7
4023
What is -dd (base 15) in base 7?
-415
-2001010100 (base 3) to base 6
-510013
What is -196a7 (base 11) in base 3?
-1101200011
Convert -134 (base 7) to base 13.
-59
Convert 10100001100 (base 2) to base 9.
1685
Convert -4a16 (base 16) to base 14.
-6caa
Convert -1233100 (base 5) to base 10.
-24150
What is 325510 (base 6) in base 4?
12220302
Convert 29a (base 14) to base 12.
380
Convert -132355 (base 6) to base 16.
-2fcf
What is -1574 (base 9) in base 2?
-10010110001
Convert 1101110 (base 3) to base 6.
4403
Convert 2222122 (base 3) to base 9.
2878
What is 530 (base 6) in base 4?
3012
-36462 (base 8) to base 7
-63450
What is -1222102 (base 3) in base 15?
-662
Convert a55 (base 14) to base 12.
1217
What is 9f (base 16) in base 5?
1114
What is -32974 (base 10) in base 12?
-170ba
Convert 14b (base 15) to base 9.
358
Convert 202102021 (base 3) to base 8.
35044
-1400 (base 6) to base 8
-550
Convert -37 (base 14) to base 6.
-121
What is -7037 (base 9) in base 11?
-3950
What is 1100110 (base 2) in base 9?
123
What is 201001 (base 3) in base 11?
428
826 (base 15) to base 7
5232
What is ab3 (base 12) in base 14?
807
31 (base 12) to base 15
27
What is 1010001100 (base 2) in base 8?
1214
What is 101033 (base 7) in base 9?
25502
Convert -18 (base 9) to base 10.
-17
What is -551 (base 9) in base 11?
-380
What is -42b (base 14) in base 7?
-2254
Convert -11340 (base 5) to base 11.
-6a9
What is -1020000 (base 4) in base 14?
-1972
Convert 2216 (base 9) to base 13.
98a
Convert -6312 (base 10) to base 5.
-200222
Convert 74 (base 12) to base 8.
130
What is -10010001011011 (base 2) in base 4?
-2101123
-133 (base 9) to base 8
-157
What is 1102122 (base 4) in base 3?
21020100
What is 135a (base 12) in base 2?
100010110110
-12334 (base 6) to base 5
-24413
What is 10175 (base 8) in base 12?
2539
Convert 177 (base 14) to base 11.
254
Convert -2432 (base 16) to base 15.
-2b2b
What is -da4 (base 16) in base 5?
-102432
Convert 100011 (base 4) to base 3.
1102010
What is -474 (base 9) in base 5?
-3031
What is -110201 (base 3) in base 6?
-1331
What is -20301030 (base 4) in base 14?
-d136
Convert -1363 (base 7) to base 14.
-2a3
Convert 1441 (base 8) to base 10.
801
Convert -2053 (base 7) to base 4.
-23110
10110100 (base 2) to base 8
264
2002 (base 6) to base 11
365
-c62 (base 15) to base 12
-1748
Convert 1034 (base 10) to base 9.
1368
What is 144221 (base 5) in base 3?
22111010
Convert -54 (base 9) to base 6.
-121
What is 210a (base 11) in base 5?
42133
-102d (base 15) to base 9
-4617
Convert -7a8 (base 13) to base 3.
-1210221
Convert 4013 (base 8) to base 2.
100000001011
What is -101540 (base 7) in base 3?
-212220022
Convert -7ab (base 15) to base 4.
-123020
4445 (base 10) to base 9
6078
Convert 1011010010001 (base 2) to base 7.
22562
What is -11112 (base 3) in base 5?
-442
566 (base 16) to base 12
972
Convert 352025 (base 6) to base 12.
15615
Convert 1002122 (base 3) to base 13.
497
Convert 10111110111000 (base 2) to base 15.
3946
1130122 (base 4) to base 14
2226
Convert -17 (base 16) to base 6.
-35
What is -68b7 (base 13) in base 6?
-151552
Convert -132 (base 5) to base 16.
-2a
-30325 (base 6) to base 14
-1669
-212 (base 6) to base 16
-50
What is 1455 (base 7) in base 14?
2d5
Convert 10110201 (base 3) to base 7.
10243
-1642 (base 7) to base 3
-220201
What is -116 (base 14) in base 2?
-11011000
Convert -1131132 (base 5) to base 2.
-101000100111000
What is 3c2b (base 14) in base 12?
6193
Convert -11221 (base 4) to base 13.
-21a
What is 953 (base 14) in base 7?
5233
What is 405 (base 6) in base 10?
149
27c (base 14) to base 12
35a
Convert -3c4 (base 15) to base 5.
-11414
Convert 5aa (base 12) to base 13.
505
Convert -1001222 (base 3) to base 10.
-782
What is 21143 (base 5) in base 14?
739
-9955 (base 12) to base 10
-16913
14660 (base 7) to base 10
4109
-8617 (base 14) to base 16
-5a6d
Convert 52045 (base 7) to base 15.
3b84
What is 36157 (base 9) in base 16?
5e7e
What is -9314 (base 11) in base 16?
-3045
What is 1541 (base 6) in base 3?
120121
-1024 (base 15) to base 12
-1b81
What is -4cc (base 16) in base 7?
-3403
-915d (base 14) to base 6